4)/144). Calculate the greatest common divisor of 3 and i.
3
Suppose 7*c - 450 = 2*c. Calculate the greatest common factor of 9 and c.
9
Suppose -f = -3*f + 120. Let d = 0 + 3. Suppose d*k - 34 = -8*h + 6*h, -3*k = -3*h - 39. Calculate the greatest common factor of k and f.
12
Suppose 2*j + 16 + 10 = 0. Let f = -22 - j. Let p = f - -22. What is the greatest common divisor of p and 13?
13
Suppose 4*j - 152 = -p - 2*p, -122 = -3*p + 2*j. Let s be -2*(-4)/((-4)/(-2)). What is the greatest common divisor of s and p?
4
Let y(v) = v**3 + 23*v**2 + 19*v - 28. Let k be y(-22). Calculate the highest common factor of k and 57.
19
Suppose -85 = 4*u - 5. Let v = 83 + u. Calculate the highest common divisor of 7 and v.
7
Suppose 0 = -l + 3*l - 18. Let b(i) = 0 + 14*i - 76*i + 1. Let w be b(-1). Calculate the greatest common factor of w and l.
9
Let g(w) = -3*w**2 - 4*w - 1. Let t(n) = n. Let i(q) = -g(q) - 2*t(q). Let u be i(-2). Calculate the greatest common divisor of 9 and u.
9
Suppose 2*f = -2*f - 8. Let w(h) = -4*h**3 - 2*h**2 - 2. Let q be w(f). Let g = 404 + -184. What is the greatest common divisor of q and g?
22
Let g(t) = 2*t**2 + 4*t + 2. Let d be g(-4). Let m be (-31 - -13)*(-2)/4. Calculate the highest common factor of m and d.
9
Suppose w + 0*w - 93 = 0. Let p = w - 53. Let s be (-1 + -2)*20/(-12). What is the greatest common factor of s and p?
5
Let l be (-37)/(-3) - 6/18. Let i = 20 - l. Calculate the highest common factor of i and 40.
8
Let i(d) = d - 2. Let o be i(4). Let h = 0 + o. Calculate the highest common divisor of 8 and h.
2
Suppose -4*y = -0*y + 16, 42 = 2*o + y. Suppose 0 = 2*q + 3*q + 40. Let r = q + o. What is the greatest common divisor of r and 75?
15
Let h = -1 + 1. Suppose h = -m + 35 - 7. What is the greatest common divisor of m and 4?
4
Let v(z) = -3 - z + 2*z + 2*z**2 + 2 - z**2. Let y be v(-5). Calculate the highest common divisor of 133 and y.
19
Let r(u) = -3*u + 1. Let q be r(-2). Calculate the highest common factor of q and 21.
7
Let t(d) = 32*d - 13. Let g be t(4). What is the greatest common divisor of g and 23?
23
Suppose 4*j = -5*s + 3 + 1, 3*s = 5*j + 32. Let u = s - 0. Calculate the highest common divisor of 6 and u.
2
Suppose 0 = -5*u + 32 + 113. What is the greatest common factor of 116 and u?
29
Let g be 1/(-3*(-2)/30). Suppose g*f - 4*x - 14 = 0, -2*x = -f - 4*x. Let u = 7 - f. Calculate the greatest common factor of 10 and u.
5
Let v(t) = -t**2 + t + 24. Let l be v(0). Let n(h) = h**2 - 5*h. Suppose -3*w + 0*w + 18 = 0. Let q be n(w). What is the highest common factor of l and q?
6
Suppose 0*w = -5*w + 3*t + 266, -3*t = 3*w - 174. Suppose h = 5*h + 24. Let f be 14 + h*2/4. Calculate the highest common divisor of f and w.
11
Let i = -10 - -34. Calculate the highest common factor of i and 16.
8
Suppose 2*p + 3*o = 32, 2*p - p - 17 = -2*o. Suppose 8*u - 351 = 5*u. Calculate the greatest common factor of p and u.
13
Let q = 49 - 34. Let p = -5 + q. Calculate the greatest common factor of 15 and p.
5
Suppose 0*f - 414 = -2*f. Let x = -88 + f. Let d be 6/(-15) - (-174)/10. Calculate the greatest common divisor of x and d.
17
Let n be (-80)/6*(-15 + (4 - 4)). Calculate the highest common factor of n and 40.
40
Suppose 3*a = 62 + 508. Let b = a - 55. Let y = 2 - -13. What is the highest common divisor of b and y?
15
Let i be 17 + 3/(2 - -1). Let r be 3/5 - (-4454)/10. Let l = r + -302. Calculate the greatest common factor of i and l.
18
Let j(g) = g**3 - 6*g**2 + g - 3. Let l be j(6). Let d(b) = b**2 + 25*b + 27. Let c be d(-25). Calculate the greatest common factor of l and c.
3
Suppose 0 = -5*r + 14 - 84. Let p be (-4 - -3)/1 - r. Calculate the highest common factor of p and 65.
13
Let j be (-8)/(-20) - (-996)/10. Let c(z) = 3*z - 16. Let x be c(12). What is the greatest common factor of x and j?
20
Let v(n) = -n**2 + 7*n - 1. Let g be v(6). Suppose 7*y - 38 = -2*z + 3*y, -g*z = 2*y - 103. Calculate the greatest common divisor of z and 14.
7
Let u be (4/(-24))/((-1)/6). Let z be 7 + (5 + -2 - u). Let y(d) = 5*d + 2. Let g be y(5). Calculate the highest common factor of z and g.
9
Suppose 5*y - 105 - 390 = 0. Let j(g) = g**3 + g**2 - g + 11. Let i be j(0). What is the highest common divisor of i and y?
11
Suppose -22 = 7*c - 106. Let h = -27 + 45. What is the greatest common divisor of h and c?
6
Suppose -m - 4 = -2*m, y + 2*m = 12. Suppose 2*n - 13 = 5*f - 4*f, -3*n + 25 = y*f. Suppose 25 = k + n. Calculate the highest common factor of 12 and k.
6
Let g be (-1)/(-3) - (-8)/3. Suppose -4 = j - g*j. Suppose 2 + 4 = j*a, 38 = 2*l + 2*a. What is the highest common divisor of 112 and l?
16
Let j(u) = -2*u + 12. Let h be j(5). Suppose 0 = 2*x - h*y - 56, 52 = 3*x + 3*y + 2*y. Calculate the greatest common divisor of 120 and x.
24
Let u be (-58)/203 - (-730)/7. What is the highest common divisor of u and 8?
8
Suppose 19*r + 2 = 20*r. Calculate the highest common factor of r and 10.
2
Suppose -10 - 19 = -j + n, -103 = -3*j - n. Suppose u = b - 8, 3*b + 5*u + 11 = u. Calculate the greatest common divisor of j and b.
3
Let m be 8/3 - (-7)/21. Suppose 5*o - 3*x + 460 = 0, 2*x - x - 276 = m*o. Let k = 20 - o. Calculate the greatest common factor of 16 and k.
16
Let n be (-172)/(-14) + (-8)/28. Suppose n = 2*c + 4*c. Calculate the greatest common factor of 14 and c.
2
Let p = -50 + 55. What is the highest common divisor of 55 and p?
5
Let y(b) = -1 - 3*b**3 + 0 + 2*b**3 + 11 - 9*b + 11*b**2. Let f be y(10). Calculate the greatest common factor of f and 80.
20
Let m be (2 - (-66)/(-15))*(-5)/2. What is the highest common factor of 9 and m?
3
Suppose -4*z + 5*f = -8*z + 869, 1096 = 5*z + 3*f. Calculate the greatest common divisor of z and 13.
13
Suppose 11*d + 2*d = 3042. Calculate the greatest common factor of 26 and d.
26
Let t = -413 - -165. Let p = 347 + t. What is the highest common divisor of 9 and p?
9
Suppose 0*u = u - 5. Let r(z) = -z**3 + 4*z**2 + 8*z - 3. Let l be r(u). What is the greatest common divisor of 3 and l?
3
Let m(u) = -u**3 - 14*u**2 + 10*u - 19. Let t be m(-15). Calculate the greatest common factor of t and 7.
7
Let y = 65 + -43. What is the highest common factor of y and 154?
22
Let f(w) = -w**2 + 7*w - 2. Suppose 3*i + 3*q - 45 = 0, 0 = -q - 5 + 3. Let s = i - 11. Let y be f(s). Calculate the greatest common divisor of y and 20.
4
Let l = 524 + -744. Let a be (-6)/27 - l/18. What is the highest common divisor of a and 48?
12
Let o(j) = 5*j**2 + 8*j - 29. Let n be o(5). Calculate the highest common divisor of 17 and n.
17
Suppose -5*c + 3 = 3*x - x, x + 2*c - 2 = 0. Let n = x + 3. Suppose -n - 33 = -2*h. Calculate the greatest common factor of h and 30.
10
Suppose 62 + 1026 = 8*i. Calculate the greatest common divisor of 34 and i.
34
Suppose 0 = -0*a - 4*a + 104. Calculate the highest common factor of a and 26.
26
Suppose -4*q - 18 = -5*q + 4*t, -2*t = 3*q - 54. Let w(i) = i + 9. Let b be w(3). Calculate the highest common divisor of b and q.
6
Let n(g) = -g**3 - g**2 + 56. Let z be n(0). What is the greatest common factor of 14 and z?
14
Suppose -7*q + 8 = -3*q. Suppose -q + 0 = -r. Suppose 12 + 30 = 4*n - b, 16 = r*n + 2*b. Calculate the highest common divisor of n and 90.
10
Let i be (-6)/4*16/(-12). Suppose -7*u = -i*u - 285. Suppose 475 = 5*w + 2*t, -228 = -3*w + 5*t + u. Calculate the highest common factor of 19 and w.
19
Let r be 150/12 + 2/4. Calculate the highest common divisor of r and 143.
13
Let j(b) = -b**3 - 6*b**2 + 5*b. Let h be j(-7). What is the greatest common divisor of 21 and h?
7
Let l be -6 + (-2 - 3/(-1)). Let p = 6 + l. Calculate the greatest common divisor of p and 5.
1
Suppose 315 = -a + 4*a. Calculate the greatest common factor of 21 and a.
21
Let g be (-20)/3*(-18)/15. Suppose -5*a = -3*z + 34, -z - a - g = -22. Let f be ((-6 - -3) + -10)/((-1)/3). What is the greatest common factor of f and z?
13
Suppose -2*b = -4*b + 8. Calculate the greatest common factor of 24 and b.
4
Let u = -5 + 37. Calculate the highest common factor of u and 288.
32
Let d be 32 - (-16)/((-12)/3). Calculate the greatest common factor of 4 and d.
4
Let r = -4 - -2. Let d be -2*r/1 - 3. Let m = 6 + 3. Calculate the highest common factor of m and d.
1
Let h = -101 - -119. Calculate the greatest 